44?
False
Does 491 divide 8717705?
True
Does 5351 divide 759344357?
True
Is 21440268 a multiple of 67?
True
Is 1138990797 a multiple of 23?
True
Is 434 a factor of 3977221890?
False
Is 27 a factor of 8573474?
False
Is 18 a factor of 3163666088?
False
Is 4082843839 a multiple of 5994?
False
Is 39 a factor of 397585539?
True
Is 2843 a factor of 603657033?
True
Is 157901788 a multiple of 11?
True
Is 2517156347 a multiple of 28?
False
Is 18624074 a multiple of 66?
False
Is 358876329 a multiple of 7?
True
Is 21359861 a multiple of 5?
False
Is 2296987860 a multiple of 20?
True
Is 163 a factor of 1861346869?
False
Is 113534 a multiple of 2105?
False
Does 36 divide 59167565?
False
Is 131610748 a multiple of 103?
False
Is 4554 a factor of 1813448340?
True
Is 73135478 a multiple of 26?
True
Does 42 divide 356244631?
False
Is 4 a factor of 3780292?
True
Does 147 divide 123170271?
True
Does 136 divide 22404283?
False
Is 16 a factor of 711228291?
False
Is 23 a factor of 198076092?
True
Is 594768016 a multiple of 600?
False
Is 523 a factor of 3129109?
True
Does 440 divide 3206280?
True
Does 2702 divide 1848338712?
False
Is 623748282 a multiple of 37?
False
Is 182503998 a multiple of 23?
False
Does 625 divide 215523750?
True
Is 6 a factor of 297232591?
False
Is 8213156 a multiple of 158?
True
Is 31 a factor of 1292891208?
True
Does 5381 divide 694118782?
False
Does 451 divide 366836635?
True
Does 15 divide 1063382565?
True
Is 9 a factor of 43950478?
False
Is 308118830 a multiple of 378?
False
Is 223 a factor of 1408893324?
False
Is 8771883 a multiple of 359?
False
Does 2037 divide 67182297?
True
Is 143 a factor of 10985211?
False
Is 11883 a factor of 2167185891?
True
Is 49 a factor of 668685360?
True
Is 214179056 a multiple of 3536?
True
Is 2 a factor of 398208820?
True
Is 4 a factor of 15728828?
True
Does 90 divide 157044420?
True
Is 812 a factor of 82854000?
False
Is 1633 a factor of 774546865?
False
Does 42 divide 94891734?
True
Is 578 a factor of 3753761264?
False
Is 1248 a factor of 156705386?
False
Is 2981862 a multiple of 234?
True
Is 672 a factor of 79041312?
True
Does 15 divide 210566481?
False
Is 18 a factor of 13620564?
True
Is 595 a factor of 64179675?
True
Is 1215 a factor of 171905490?
True
Is 13 a factor of 269041747?
True
Is 68 a factor of 29490496?
False
Does 142 divide 751162878?
False
Does 4596 divide 1409184156?
True
Is 782222076 a multiple of 1047?
True
Is 3275038718 a multiple of 139?
False
Does 134 divide 45600468?
True
Does 9 divide 14776470?
True
Is 15 a factor of 793334971?
False
Is 7 a factor of 16371604?
False
Is 113264010 a multiple of 2053?
True
Does 18 divide 3505659362?
False
Is 9 a factor of 32136372?
True
Is 2070 a factor of 395473500?
True
Does 3 divide 1445065?
False
Is 11 a factor of 13095090?
False
Does 6787 divide 308706695?
True
Does 76 divide 77815366?
False
Is 6 a factor of 937608?
True
Does 78 divide 74095476?
True
Is 14482582 a multiple of 10?
False
Does 225 divide 95538825?
True
Does 17 divide 698591478?
False
Is 371 a factor of 128062926?
False
Is 22 a factor of 277088966?
True
Does 2 divide 82662688?
True
Is 14 a factor of 73444188?
False
Is 6362875 a multiple of 244?
False
Is 29 a factor of 2015942453?
True
Does 91 divide 9090110?
False
Is 894954456 a multiple of 132?
True
Is 1122 a factor of 2185657598?
False
Does 287 divide 63782693?
False
Is 22411584 a multiple of 1248?
True
Is 434653128 a multiple of 6318?
True
Is 166603465 a multiple of 475?
False
Is 6768 a factor of 238071168?
True
Is 190416380 a multiple of 44?
True
Is 39 a factor of 335628267?
True
Is 7 a factor of 23218698?
False
Is 9 a factor of 47148669?
True
Is 6248418 a multiple of 187?
True
Is 323105514 a multiple of 8?
False
Is 116689131 a multiple of 319?
False
Is 12 a factor of 7109175?
False
Is 148680151 a multiple of 92?
False
Is 43 a factor of 187721316?
True
Is 6882080 a multiple of 10?
True
Is 510505160 a multiple of 134?
True
Is 2 a factor of 4631432?
True
Does 341 divide 292380902?
True
Is 9950161 a multiple of 377?
True
Is 8488743 a multiple of 2146?
False
Is 34 a factor of 104924652?
False
Is 12599 a factor of 1884810400?
True
Is 45 a factor of 296426622?
False
Is 230 a factor of 900319516?
False
Does 287 divide 29749559?
True
Is 150138840 a multiple of 24?
True
Is 159441218 a multiple of 132?
False
Does 321 divide 19051367?
False
Is 13 a factor of 147579624?
False
Is 59 a factor of 84714147?
True
Is 116 a factor of 227076987?
False
Does 260 divide 3995319640?
True
Is 3216 a factor of 2234462338?
False
Is 51423120 a multiple of 36?
True
Is 218 a factor of 45496426?
False
Is 144 a factor of 9276480?
True
Is 78182208 a multiple of 18?
True
Is 107 a factor of 2210753750?
True
Is 45 a factor of 747383805?
True
Is 242 a factor of 34174744?
False
Is 21342394 a multiple of 46?
False
Is 46989996 a multiple of 269?
True
Does 598 divide 79557475?
False
Does 35 divide 45766828?
False
Does 177 divide 168210180?
True
Is 1215725327 a multiple of 8011?
True
Does 23 divide 3365115401?
False
Does 3002 divide 2067717560?
True
Is 1650 a factor of 300827235?
False
Is 68303020 a multiple of 16?
False
Is 5388 a factor of 26929224?
True
Is 23 a factor of 192212947?
False
Is 3455509356 a multiple of 78?
True
Is 64 a factor of 266369251?
False
Is 1896 a factor of 2288642640?
True
Is 12 a factor of 2644812370?
False
Is 640 a factor of 36749116?
False
Is 345 a factor of 70955604?
False
Is 163 a factor of 487271059?
True
Is 281684696 a multiple of 24?
False
Is 65 a factor of 542331926?
False
Is 114 a factor of 53741994?
True
Is 23866857 a multiple of 41?
False
Is 884 a factor of 650995028?
False
Is 231 a factor of 22608432?
True
Is 103300089 a multiple of 1367?
True
Does 6 divide 8789771?
False
Does 4751 divide 4264906186?
True
Is 10 a factor of 278798141?
False
Is 75534491 a multiple of 9?
False
Does 82 divide 1902534897?
False
Is 711 a factor of 122961051?
True
Does 135 divide 55680061?
False
Does 132 divide 11621280?
True
Does 485 divide 76861830?
True
Is 34805800 a multiple of 1412?
True
Is 1951836 a multiple of 83?
False
Is 4020 a factor of 2774676360?
True
Does 232 divide 3331476581?
False
Is 519792 a multiple of 728?
True
Is 4 a factor of 176166848?
True
Is 894951498 a multiple of 5?
False
Is 98 a factor of 1462039075?
False
Is 713283176 a multiple of 668?
False
Does 55 divide 31905390?
True
Is 40 a factor of 57363410?
False
Is 54087205 a multiple of 213?
False
Does 44 divide 1078132?
True
Is 160336260 a multiple of 324?
True
Is 59795775 a multiple of 53?
False
Does 144 divide 953314782?
False
Is 136190878 a multiple of 2325?
False
Does 2075 divide 976127422?
False
Is 47 a factor of 224192874?
False
Does 9 divide 44543726?
False
Is 46116129 a multiple of 69?
False
Is 38 a factor of 7910574?
True
Does 93 divide 30557661?
True
Does 162 divide 94904946?
True
Is 29994090 a multiple of 5?
True
Is 884 a factor of 64190388?
False
Is 47713758 a multiple of 1041?
False
Does 32 divide 20307346?
False
Is 381017946 a multiple of 8?
False
Is 469631889 a multiple of 1357?
False
Does 774 divide 290809602?
True
Is 37 a factor of 125138382?
False
Is 11142185 a multiple of 10?
False
Is 69 a factor of 5334240225?
False
Does 388 divide 10825200?
True
Does 54 divide 60043347?
False
Does 1164 divide 183440580?
True
Is 9717852 a multiple of 189?
False
Is 211 a factor of 275095259?
True
Does 365 divide 17443534?
False
Is 77779782 a multiple of 263?
False
Is 51 a factor of 5096583?
True
Does 98 divide 721164467?
False
Does 13 divide 1214928?
True
Is 362 a factor of 93946964?
True
Does 4232 divide 825096595?
False
Does 84 divide 7150316?
False
Is 39 a factor of 797554169?
False
Is 35976258 a multiple of 417?
True
Does 905 divide 1015948190?
False
Is 16183245 a multiple of 15?
True
Is 35 a factor of 24622317?
False
Does 6 divide 239797512?
True
Is 4649 a factor of 3103532930?
True
Is 1381 a factor of 41450925?
False
Is 2670 a factor of 163432583?
False
Does 1136 divide 43520952?
False
Does 145 divide 2013909?
False
Is 632 a factor of 15532903?
False
Is 438040130 a multiple of 11?
True
Is 294 a factor of 1160418000?
True
Does 1238 divide 301501656?
False
Does 1778 divide 24696478?
False
Is 1080412560 a multiple of 80?
True
Is 174 a factor of 103350780?
True
Does 1419 divide 3074